, 71, 185057
What are the prime factors of 1716969953?
317, 5416309
List the prime factors of 122196510.
2, 3, 5, 17, 79867
List the prime factors of 483004898.
2, 2381, 101429
What are the prime factors of 8112227?
8112227
List the prime factors of 588603997.
2467, 238591
What are the prime factors of 5100125?
5, 40801
List the prime factors of 978363736.
2, 7, 17, 1027693
What are the prime factors of 846076629?
3, 282025543
List the prime factors of 78205960.
2, 5, 7, 39901
List the prime factors of 98263797.
3, 23, 197, 7229
List the prime factors of 58440643.
2417, 24179
What are the prime factors of 2705619?
3, 7, 19, 6781
List the prime factors of 11030489.
43, 71, 3613
What are the prime factors of 2986778365?
5, 17, 5147, 6827
List the prime factors of 764904719.
853, 896723
List the prime factors of 159840768.
2, 3, 19, 5477
List the prime factors of 66656086.
2, 7, 53, 89833
What are the prime factors of 195542796?
2, 3, 1567, 10399
What are the prime factors of 94861996?
2, 263, 90173
List the prime factors of 188622943.
6551, 28793
List the prime factors of 245550891.
3, 81850297
List the prime factors of 275422316.
2, 13, 641, 8263
What are the prime factors of 98404375?
5, 79, 1993
List the prime factors of 1346516287.
4007, 336041
List the prime factors of 2586123615.
3, 5, 172408241
List the prime factors of 491081055.
3, 5, 181, 191, 947
List the prime factors of 92103152.
2, 5756447
List the prime factors of 131404657.
131404657
What are the prime factors of 34168669?
19, 1798351
What are the prime factors of 426730083?
3, 13, 53, 431, 479
List the prime factors of 1051748824.
2, 7, 61, 151, 2039
What are the prime factors of 737419221?
3, 7, 11, 29, 151
List the prime factors of 2210528304.
2, 3, 15350891
What are the prime factors of 43875464?
2, 5484433
List the prime factors of 64251294.
2, 3, 10708549
List the prime factors of 587631128.
2, 7, 1499059
What are the prime factors of 805455116?
2, 201363779
What are the prime factors of 335683923?
3, 97, 1153553
List the prime factors of 2471800663.
17, 2309, 62971
List the prime factors of 2424469076.
2, 17, 1721, 20717
What are the prime factors of 21228484?
2, 173, 30677
What are the prime factors of 14856551?
23, 645937
List the prime factors of 90914564.
2, 13, 134489
List the prime factors of 715582258.
2, 17, 21046537
List the prime factors of 46846738.
2, 23423369
List the prime factors of 3025428403.
137, 22083419
What are the prime factors of 70369845?
3, 5, 7, 13, 31, 1663
What are the prime factors of 2230309219?
1069, 2086351
What are the prime factors of 296378225?
5, 11, 13, 82903
What are the prime factors of 119472049?
5261, 22709
What are the prime factors of 624330017?
624330017
What are the prime factors of 2011356961?
2011356961
What are the prime factors of 1019907039?
3, 199, 1708387
What are the prime factors of 2345802408?
2, 3, 191, 170579
What are the prime factors of 50550418?
2, 17, 1486777
List the prime factors of 3256150396.
2, 814037599
What are the prime factors of 861019167?
3, 287006389
What are the prime factors of 96866201?
47, 1259, 1637
What are the prime factors of 50326740?
2, 3, 5, 279593
List the prime factors of 743204254.
2, 13, 127, 225077
What are the prime factors of 3512418?
2, 3, 7, 13, 919
What are the prime factors of 18586731?
3, 19, 326083
List the prime factors of 677413821.
3, 7, 19, 607, 2797
What are the prime factors of 12226781?
7, 1746683
List the prime factors of 45762599.
37, 1236827
List the prime factors of 810575525.
5, 32423021
What are the prime factors of 1289319651?
3, 19, 47, 160423
List the prime factors of 150480878.
2, 191, 393929
List the prime factors of 3259079140.
2, 5, 37, 4404161
List the prime factors of 665441997.
3, 11, 19, 1061311
What are the prime factors of 82803254?
2, 19, 2179033
List the prime factors of 658920546.
2, 3, 36606697
What are the prime factors of 119631049?
19, 6296371
List the prime factors of 1629115015.
5, 11, 17, 1742369
What are the prime factors of 272758820?
2, 5, 37, 368593
What are the prime factors of 144397540?
2, 5, 7, 1031411
List the prime factors of 350758871.
241, 1455431
What are the prime factors of 40041239?
7, 17, 19793
What are the prime factors of 2873747273?
47, 73, 837583
List the prime factors of 34463280.
2, 3, 5, 37, 3881
List the prime factors of 54899792.
2, 3431237
List the prime factors of 960895657.
29, 1381, 23993
What are the prime factors of 19658849?
7, 401201
List the prime factors of 3480074812.
2, 37, 23514019
List the prime factors of 6247024378.
2, 7, 1901, 234727
List the prime factors of 123403235.
5, 41, 193, 3119
What are the prime factors of 162786734?
2, 11, 43, 172079
What are the prime factors of 45419500?
2, 5, 7, 19, 683
List the prime factors of 1986429182.
2, 29, 34248779
List the prime factors of 892096223.
67, 13314869
List the prime factors of 476534484.
2, 3, 109, 121441
List the prime factors of 1506558681.
3, 1741, 96149
What are the prime factors of 421773742?
2, 13, 19, 853793
List the prime factors of 38399607.
3, 31, 137633
What are the prime factors of 101763971?
73, 1394027
What are the prime factors of 1403903306?
2, 13, 71, 760511
What are the prime factors of 75433423?
13, 1051, 5521
What are the prime factors of 125564753?
125564753
List the prime factors of 41738193.
3, 7, 19, 59, 197
What are the prime factors of 41011412?
2, 13, 17, 2729
What are the prime factors of 341913982?
2, 170956991
What are the prime factors of 1348765702?
2, 233, 617, 4691
What are the prime factors of 426446290?
2, 5, 67, 73, 8719
What are the prime factors of 1982566665?
3, 5, 109, 134731
List the prime factors of 1867120906.
2, 7, 133365779
What are the prime factors of 120725789?
17, 2213, 3209
What are the prime factors of 263178977?
6397, 41141
What are the prime factors of 131745077?
43, 3063839
List the prime factors of 1567256072.
2, 11239, 17431
List the prime factors of 339750330.
2, 3, 5, 11325011
List the prime factors of 326212278.
2, 3, 7, 7766959
What are the prime factors of 1489694572?
2, 97, 3839419
List the prime factors of 2379809852.
2, 7, 12141887
What are the prime factors of 4956990?
2, 3, 5, 165233
List the prime factors of 195994973.
359, 545947
What are the prime factors of 25663342?
2, 53, 239, 1013
List the prime factors of 8250470.
2, 5, 825047
What are the prime factors of 1104141386?
2, 552070693
What are the prime factors of 2018432052?
2, 3, 7, 13, 593, 1039
What are the prime factors of 24696532?
2, 7, 882019
What are the prime factors of 109783693?
79, 1389667
List the prime factors of 177129404.
2, 44282351
What are the prime factors of 101829756?
2, 3, 7, 1212259
What are the prime factors of 2294661775?
5, 7, 13112353
What are the prime factors of 122593518?
2, 3, 67, 101653
List the prime factors of 898277743.
11, 7423783
What are the prime factors of 40466444?
2, 2777, 3643
What are the prime factors of 51826589?
1237, 41897
List the prime factors of 11205538.
2, 5602769
List the prime factors of 674795.
5, 11, 12269
What are the prime factors of 814228495?
5, 73, 401, 5563
List the prime factors of 111174855.
3, 5, 11, 673787
What are the prime factors of 109455913?
7, 619, 25261
List the prime factors of 333999726.
2, 3, 55666621
List the prime factors of 402070853.
47, 191, 44789
What are the prime factors of 2892255252?
2, 3, 241021271
What are the prime factors of 459757813?
509, 903257
What are the prime factors of 581489268?
2, 3, 48457439
What are the prime factors of 150318787?
6661, 22567
What are the prime factors of 1413760286?
2, 706880143
What are the prime factors of 6325661?
97, 65213
List the prime factors of 359054144.
2, 17, 523, 631
List the prime factors of 135785556.
2, 3, 3771821
What are the prime factors of 44084409?
3, 3023, 4861
List the prime factors of 1294204767.
3, 431401589
List the prime factors of 1715706570.
2, 3, 5, 401, 142619
List the prime factors of 6922813818.
2, 3, 19, 73, 263, 3163
List the prime factors of 78250034.
2, 127, 239, 1289
What are the prime factors of 8636574?
2, 3, 1439429
List the prime factors of 1887555815.
5, 17, 1306267
List the prime factors of 3474450228.
2, 3, 11953, 24223
List the prime factors of 20649231.
3, 22